{"id":881,"date":"2016-04-15T17:23:34","date_gmt":"2016-04-15T15:23:34","guid":{"rendered":"http:\/\/www.monteilauvicomte.fr\/?page_id=881"},"modified":"2016-11-21T18:58:13","modified_gmt":"2016-11-21T16:58:13","slug":"mariage-2016","status":"publish","type":"page","link":"https:\/\/www.monteilauvicomte.fr\/?page_id=881","title":{"rendered":"2016"},"content":{"rendered":"<p>Carole, Marie CHAUSSET, et Samuel AYOUN se sont mari\u00e9s le 1er f\u00e9vrier 2016.<\/p>\n<p>Cindy, Jacqueline, Fernande BECKER, et Gilles, Emile MAFAITY se sont mari\u00e9s le 16 juillet 2016.<\/p>\n<p>&nbsp;<\/p>\n<p>&nbsp;<\/p>\n<p><a href=\"http:\/\/www.monteilauvicomte.fr\/?page_id=166\">Retour<\/a><\/p>\n","protected":false},"excerpt":{"rendered":"<p>Carole, Marie CHAUSSET, et Samuel AYOUN se sont mari\u00e9s le 1er f\u00e9vrier 2016. Cindy, Jacqueline, Fernande BECKER, et Gilles, Emile MAFAITY se sont mari\u00e9s le 16 juillet 2016. &nbsp; &nbsp; Retour<\/p>\n","protected":false},"author":1,"featured_media":0,"parent":166,"menu_order":2,"comment_status":"closed","ping_status":"closed","template":"","meta":[],"_links":{"self":[{"href":"https:\/\/www.monteilauvicomte.fr\/index.php?rest_route=\/wp\/v2\/pages\/881"}],"collection":[{"href":"https:\/\/www.monteilauvicomte.fr\/index.php?rest_route=\/wp\/v2\/pages"}],"about":[{"href":"https:\/\/www.monteilauvicomte.fr\/index.php?rest_route=\/wp\/v2\/types\/page"}],"author":[{"embeddable":true,"href":"https:\/\/www.monteilauvicomte.fr\/index.php?rest_route=\/wp\/v2\/users\/1"}],"replies":[{"embeddable":true,"href":"https:\/\/www.monteilauvicomte.fr\/index.php?rest_route=%2Fwp%2Fv2%2Fcomments&post=881"}],"version-history":[{"count":6,"href":"https:\/\/www.monteilauvicomte.fr\/index.php?rest_route=\/wp\/v2\/pages\/881\/revisions"}],"predecessor-version":[{"id":1069,"href":"https:\/\/www.monteilauvicomte.fr\/index.php?rest_route=\/wp\/v2\/pages\/881\/revisions\/1069"}],"up":[{"embeddable":true,"href":"https:\/\/www.monteilauvicomte.fr\/index.php?rest_route=\/wp\/v2\/pages\/166"}],"wp:attachment":[{"href":"https:\/\/www.monteilauvicomte.fr\/index.php?rest_route=%2Fwp%2Fv2%2Fmedia&parent=881"}],"curies":[{"name":"wp","href":"https:\/\/api.w.org\/{rel}","templated":true}]}}

<p>Carole, Marie CHAUSSET, et Samuel AYOUN se sont mariés le 1er février 2016.</p>
<p>Cindy, Jacqueline, Fernande BECKER, et Gilles, Emile MAFAITY se sont mariés le 16 juillet 2016.</p>
<p>&nbsp;</p>
<p>&nbsp;</p>
<p><a href="http://www.monteilauvicomte.fr/?page_id=166">Retour</a></p>

<p>Carole, Marie CHAUSSET, et Samuel AYOUN se sont mariés le 1er février 2016. Cindy, Jacqueline, Fernande BECKER, et Gilles, Emile MAFAITY se sont mariés le 16 juillet 2016. &nbsp; &nbsp; Retour</p>
