{"id":82,"date":"2014-12-30T14:32:51","date_gmt":"2014-12-30T13:32:51","guid":{"rendered":"http:\/\/www.monteilauvicomte.fr\/?page_id=82"},"modified":"2018-03-28T16:36:12","modified_gmt":"2018-03-28T14:36:12","slug":"nos-partenaires","status":"publish","type":"page","link":"https:\/\/www.monteilauvicomte.fr\/?page_id=82","title":{"rendered":"Nos partenaires"},"content":{"rendered":"<p><a href=\"http:\/\/www.regionlimousin.fr\/\" target=\"_blank\" rel=\"noopener\">R\u00e9gion Limousin<\/a><\/p>\n<p><a href=\"http:\/\/www.conseil-general.com\/departements\/conseils-generaux\/conseil-general-creuse-departement-23.htm\" target=\"_blank\" rel=\"noopener\">Conseil\u00a0departemental<\/a><\/p>\n<p><a href=\"http:\/\/www.cc-bourganeuf-royeredevassiviere.fr\" target=\"_blank\" rel=\"noopener\">Communaut\u00e9 de Commune de Bourganeuf Roy\u00e8re<\/a><\/p>\n<p><a href=\"http:\/\/www.ot-bourganeuf.com\/\" target=\"_blank\" rel=\"noopener\">Office du tourisme de Bourganeuf<\/a><\/p>\n<p><a href=\"http:\/\/www.commune-de-saint-pardoux-morterolles.fr\/\" target=\"_blank\" rel=\"noopener\">Saint Pardoux\u00a0Morterolles\u00a0<\/a><\/p>\n<p><a href=\"http:\/\/www.mairie-royeredevassiviere.fr\/\" target=\"_blank\" rel=\"noopener\">Roy\u00e8re de Vassivi\u00e8re<\/a><\/p>\n<p><a href=\"http:\/\/www.clevacances-limousin.com\/fr\/gites-et-locations.php?id=&amp;produit=168011514&amp;reference=23MS00522&amp;ville=LE-MONTEIL-AU-VICOMTE&amp;commune=LE-MONTEIL-AU-VICOMTE&amp;les_labels=2&amp;les_labels1=&amp;les_prix=&amp;labels=&amp;departement=&amp;nbrpers=&amp;ordre=0&amp;refgite=&amp;dd=23\" target=\"_blank\" rel=\"noopener\">Clevacances<\/a><\/p>\n<p><a href=\"http:\/\/www.cinema-senechal.com\/france\/programmation.php\" target=\"_blank\" rel=\"noopener\">Le S\u00e9n\u00e9chal<\/a><\/p>\n<p><a href=\"http:\/\/http:\/\/www.aeroclubcreuse.fr\/\">A\u00e9roclub de la Creuse<\/a><\/p>\n<p>&nbsp;<\/p>\n<p>&nbsp;<\/p>\n","protected":false},"excerpt":{"rendered":"<p>R\u00e9gion Limousin Conseil\u00a0departemental Communaut\u00e9 de Commune de Bourganeuf Roy\u00e8re Office du tourisme de Bourganeuf Saint Pardoux\u00a0Morterolles\u00a0 Roy\u00e8re de Vassivi\u00e8re Clevacances Le S\u00e9n\u00e9chal A\u00e9roclub de la Creuse &nbsp; &nbsp;<\/p>\n","protected":false},"author":1,"featured_media":0,"parent":71,"menu_order":1,"comment_status":"closed","ping_status":"closed","template":"","meta":[],"_links":{"self":[{"href":"https:\/\/www.monteilauvicomte.fr\/index.php?rest_route=\/wp\/v2\/pages\/82"}],"collection":[{"href":"https:\/\/www.monteilauvicomte.fr\/index.php?rest_route=\/wp\/v2\/pages"}],"about":[{"href":"https:\/\/www.monteilauvicomte.fr\/index.php?rest_route=\/wp\/v2\/types\/page"}],"author":[{"embeddable":true,"href":"https:\/\/www.monteilauvicomte.fr\/index.php?rest_route=\/wp\/v2\/users\/1"}],"replies":[{"embeddable":true,"href":"https:\/\/www.monteilauvicomte.fr\/index.php?rest_route=%2Fwp%2Fv2%2Fcomments&post=82"}],"version-history":[{"count":23,"href":"https:\/\/www.monteilauvicomte.fr\/index.php?rest_route=\/wp\/v2\/pages\/82\/revisions"}],"predecessor-version":[{"id":1416,"href":"https:\/\/www.monteilauvicomte.fr\/index.php?rest_route=\/wp\/v2\/pages\/82\/revisions\/1416"}],"up":[{"embeddable":true,"href":"https:\/\/www.monteilauvicomte.fr\/index.php?rest_route=\/wp\/v2\/pages\/71"}],"wp:attachment":[{"href":"https:\/\/www.monteilauvicomte.fr\/index.php?rest_route=%2Fwp%2Fv2%2Fmedia&parent=82"}],"curies":[{"name":"wp","href":"https:\/\/api.w.org\/{rel}","templated":true}]}}