{"id":265,"date":"2015-01-20T15:46:49","date_gmt":"2015-01-20T14:46:49","guid":{"rendered":"http:\/\/www.monteilauvicomte.fr\/?page_id=265"},"modified":"2016-07-13T16:04:16","modified_gmt":"2016-07-13T14:04:16","slug":"rencontres-franco-grecques","status":"publish","type":"page","link":"https:\/\/www.monteilauvicomte.fr\/?page_id=265","title":{"rendered":"Rencontres Franco Grecques 2014"},"content":{"rendered":"<p>En juin 2014, une tr\u00e9s belle rencontre avec nos contacts de Rhodes, et plus pr\u00e9cisement d&rsquo;Appolona, visites des sites, et un serment d&rsquo;amiti\u00e9 sign\u00e9 au Compeix.<\/p>\n<p>Merci \u00e0 Marilena, Chris et \u00e0 tous les autres membres de la d\u00e9l\u00e9gation.<\/p>\n","protected":false},"excerpt":{"rendered":"<p>En juin 2014, une tr\u00e9s belle rencontre avec nos contacts de Rhodes, et plus pr\u00e9cisement d&rsquo;Appolona, visites des sites, et un serment d&rsquo;amiti\u00e9 sign\u00e9 au Compeix. Merci \u00e0 Marilena, Chris et \u00e0 tous les autres membres de la d\u00e9l\u00e9gation.<\/p>\n","protected":false},"author":1,"featured_media":0,"parent":60,"menu_order":2,"comment_status":"closed","ping_status":"closed","template":"","meta":[],"_links":{"self":[{"href":"https:\/\/www.monteilauvicomte.fr\/index.php?rest_route=\/wp\/v2\/pages\/265"}],"collection":[{"href":"https:\/\/www.monteilauvicomte.fr\/index.php?rest_route=\/wp\/v2\/pages"}],"about":[{"href":"https:\/\/www.monteilauvicomte.fr\/index.php?rest_route=\/wp\/v2\/types\/page"}],"author":[{"embeddable":true,"href":"https:\/\/www.monteilauvicomte.fr\/index.php?rest_route=\/wp\/v2\/users\/1"}],"replies":[{"embeddable":true,"href":"https:\/\/www.monteilauvicomte.fr\/index.php?rest_route=%2Fwp%2Fv2%2Fcomments&post=265"}],"version-history":[{"count":4,"href":"https:\/\/www.monteilauvicomte.fr\/index.php?rest_route=\/wp\/v2\/pages\/265\/revisions"}],"predecessor-version":[{"id":1025,"href":"https:\/\/www.monteilauvicomte.fr\/index.php?rest_route=\/wp\/v2\/pages\/265\/revisions\/1025"}],"up":[{"embeddable":true,"href":"https:\/\/www.monteilauvicomte.fr\/index.php?rest_route=\/wp\/v2\/pages\/60"}],"wp:attachment":[{"href":"https:\/\/www.monteilauvicomte.fr\/index.php?rest_route=%2Fwp%2Fv2%2Fmedia&parent=265"}],"curies":[{"name":"wp","href":"https:\/\/api.w.org\/{rel}","templated":true}]}}