{"id":22,"date":"2014-12-27T09:28:31","date_gmt":"2014-12-27T09:28:31","guid":{"rendered":"http:\/\/www.monteilauvicomte.fr\/?page_id=22"},"modified":"2015-01-03T17:22:12","modified_gmt":"2015-01-03T16:22:12","slug":"les-ordis-nouveaux-sont-arrives","status":"publish","type":"page","link":"https:\/\/www.monteilauvicomte.fr\/?page_id=22","title":{"rendered":"Les ordis nouveaux sont arriv\u00e9s"},"content":{"rendered":"<p style=\"text-align: center;\"><a href=\"http:\/\/www.monteilauvicomte.fr\/wp-content\/uploads\/2014\/12\/les-ordis-resize.jpg\"><img loading=\"lazy\" class=\" size-medium wp-image-27 alignleft\" src=\"http:\/\/www.monteilauvicomte.fr\/wp-content\/uploads\/2014\/12\/les-ordis-resize-300x225.jpg\" alt=\"les ordis resize\" width=\"300\" height=\"225\" srcset=\"https:\/\/www.monteilauvicomte.fr\/wp-content\/uploads\/2014\/12\/les-ordis-resize-300x225.jpg 300w, https:\/\/www.monteilauvicomte.fr\/wp-content\/uploads\/2014\/12\/les-ordis-resize.jpg 816w\" sizes=\"(max-width: 300px) 100vw, 300px\" \/><\/a><\/p>\n<p style=\"text-align: justify;\"><span style=\"font-family: 'times new roman', times; font-size: 14pt;\">Gr\u00e2ce \u00e0 un don d&rsquo;une grande banque d&rsquo;Ile de France, dont le nom contient le mot \u00ab\u00a0Agricole\u00a0\u00bb, comportant plusieurs machines compl\u00e8tes,\u00a0nous avons pu \u00e9quiper l&rsquo;\u00e9cole en informatique de mani\u00e8re tr\u00e8s confortable. Ils \u00a0ont \u00e9t\u00e9 descendus de Paris par un de nos conseiller.<\/span><\/p>\n<p style=\"text-align: justify;\"><span style=\"font-family: 'times new roman', times; font-size: 14pt;\">A l&rsquo;aide du cantonnier, et du troisi\u00e8me adjoint, deux tables de quatre postes ont \u00e9t\u00e9 r\u00e9alis\u00e9es avec du vieux mat\u00e9riel scolaire. Bien rafra\u00eechis aux couleurs d&rsquo;un c\u00e9l\u00e8bre moteur de recherche, les huit postes sont op\u00e9rationnels depuis la rentr\u00e9e de Toussaint.<\/span><\/p>\n<p style=\"text-align: justify;\"><span style=\"font-family: 'times new roman', times; font-size: 14pt;\">Il s&rsquo;agit de PC Helwet Packard sous Window \u00a07. Votre serviteur les a mont\u00e9s en r\u00e9seau, et connect\u00e9s \u00e0 internet.<\/span><\/p>\n<p style=\"text-align: justify;\"><span style=\"font-family: 'times new roman', times; font-size: 14pt;\">L&rsquo;instituteur, et l&rsquo;informaticien de l&rsquo;Acad\u00e9mie ont install\u00e9 les logiciels sp\u00e9cifiques agr\u00e9\u00e9s par l&rsquo;Education Nationale.<\/span><\/p>\n","protected":false},"excerpt":{"rendered":"<p>Gr\u00e2ce \u00e0 un don d&rsquo;une grande banque d&rsquo;Ile de France, dont le nom contient le mot \u00ab\u00a0Agricole\u00a0\u00bb, comportant plusieurs machines compl\u00e8tes,\u00a0nous avons pu \u00e9quiper l&rsquo;\u00e9cole en informatique de mani\u00e8re tr\u00e8s confortable. Ils \u00a0ont \u00e9t\u00e9 descendus de Paris par un de nos conseiller. A l&rsquo;aide du cantonnier, et du troisi\u00e8me adjoint, deux tables de quatre postes &hellip; <a href=\"https:\/\/www.monteilauvicomte.fr\/?page_id=22\" class=\"more-link\">Continuer la lecture de <span class=\"screen-reader-text\">Les ordis nouveaux sont arriv\u00e9s<\/span>  <span class=\"meta-nav\">&rarr;<\/span><\/a><\/p>\n","protected":false},"author":1,"featured_media":0,"parent":19,"menu_order":1,"comment_status":"closed","ping_status":"closed","template":"","meta":[],"_links":{"self":[{"href":"https:\/\/www.monteilauvicomte.fr\/index.php?rest_route=\/wp\/v2\/pages\/22"}],"collection":[{"href":"https:\/\/www.monteilauvicomte.fr\/index.php?rest_route=\/wp\/v2\/pages"}],"about":[{"href":"https:\/\/www.monteilauvicomte.fr\/index.php?rest_route=\/wp\/v2\/types\/page"}],"author":[{"embeddable":true,"href":"https:\/\/www.monteilauvicomte.fr\/index.php?rest_route=\/wp\/v2\/users\/1"}],"replies":[{"embeddable":true,"href":"https:\/\/www.monteilauvicomte.fr\/index.php?rest_route=%2Fwp%2Fv2%2Fcomments&post=22"}],"version-history":[{"count":8,"href":"https:\/\/www.monteilauvicomte.fr\/index.php?rest_route=\/wp\/v2\/pages\/22\/revisions"}],"predecessor-version":[{"id":156,"href":"https:\/\/www.monteilauvicomte.fr\/index.php?rest_route=\/wp\/v2\/pages\/22\/revisions\/156"}],"up":[{"embeddable":true,"href":"https:\/\/www.monteilauvicomte.fr\/index.php?rest_route=\/wp\/v2\/pages\/19"}],"wp:attachment":[{"href":"https:\/\/www.monteilauvicomte.fr\/index.php?rest_route=%2Fwp%2Fv2%2Fmedia&parent=22"}],"curies":[{"name":"wp","href":"https:\/\/api.w.org\/{rel}","templated":true}]}}

Les ordis nouveaux sont arrivés

<p style="text-align: center;"><a href="http://www.monteilauvicomte.fr/wp-content/uploads/2014/12/les-ordis-resize.jpg"><img loading="lazy" class=" size-medium wp-image-27 alignleft" src="http://www.monteilauvicomte.fr/wp-content/uploads/2014/12/les-ordis-resize-300x225.jpg" alt="les ordis resize" width="300" height="225" srcset="https://www.monteilauvicomte.fr/wp-content/uploads/2014/12/les-ordis-resize-300x225.jpg 300w, https://www.monteilauvicomte.fr/wp-content/uploads/2014/12/les-ordis-resize.jpg 816w" sizes="(max-width: 300px) 100vw, 300px" /></a></p>
<p style="text-align: justify;"><span style="font-family: 'times new roman', times; font-size: 14pt;">Grâce à un don d&rsquo;une grande banque d&rsquo;Ile de France, dont le nom contient le mot « Agricole », comportant plusieurs machines complètes, nous avons pu équiper l&rsquo;école en informatique de manière très confortable. Ils  ont été descendus de Paris par un de nos conseiller.</span></p>
<p style="text-align: justify;"><span style="font-family: 'times new roman', times; font-size: 14pt;">A l&rsquo;aide du cantonnier, et du troisième adjoint, deux tables de quatre postes ont été réalisées avec du vieux matériel scolaire. Bien rafraîchis aux couleurs d&rsquo;un célèbre moteur de recherche, les huit postes sont opérationnels depuis la rentrée de Toussaint.</span></p>
<p style="text-align: justify;"><span style="font-family: 'times new roman', times; font-size: 14pt;">Il s&rsquo;agit de PC Helwet Packard sous Window  7. Votre serviteur les a montés en réseau, et connectés à internet.</span></p>
<p style="text-align: justify;"><span style="font-family: 'times new roman', times; font-size: 14pt;">L&rsquo;instituteur, et l&rsquo;informaticien de l&rsquo;Académie ont installé les logiciels spécifiques agréés par l&rsquo;Education Nationale.</span></p>

<p>Grâce à un don d&rsquo;une grande banque d&rsquo;Ile de France, dont le nom contient le mot « Agricole », comportant plusieurs machines complètes, nous avons pu équiper l&rsquo;école en informatique de manière très confortable. Ils  ont été descendus de Paris par un de nos conseiller. A l&rsquo;aide du cantonnier, et du troisième adjoint, deux tables de quatre postes &hellip; <a href="https://www.monteilauvicomte.fr/?page_id=22" class="more-link">Continuer la lecture de <span class="screen-reader-text">Les ordis nouveaux sont arrivés</span>  <span class="meta-nav">&rarr;</span></a></p>
