{"id":206,"date":"2015-01-05T16:22:19","date_gmt":"2015-01-05T15:22:19","guid":{"rendered":"http:\/\/www.monteilauvicomte.fr\/?page_id=206"},"modified":"2015-04-24T06:46:13","modified_gmt":"2015-04-24T04:46:13","slug":"2014-2","status":"publish","type":"page","link":"https:\/\/www.monteilauvicomte.fr\/?page_id=206","title":{"rendered":"2014"},"content":{"rendered":"<p><span style=\"font-family: 'times new roman', times;\">&#8211; M\u00e9line DEPRET, n\u00e9e le 9 janvier 2014 \u00e0 Gu\u00e9ret<\/span><\/p>\n<p><span style=\"font-family: 'times new roman', times;\">de Christelle RATON et\u00a0de\u00a0J\u00e9r\u00f4me DEPRET.<\/span><\/p>\n<p><span style=\"font-family: 'times new roman', times;\">&#8211; Lou, Odile, Lucette DEWIDEHEM, n\u00e9e le 15 f\u00e9vrier 2014 \u00e0 Gu\u00e9ret<\/span><\/p>\n<p><span style=\"font-family: 'times new roman', times;\">de Isabelle MARCHETTI et de Xavier DEWIDEHEM.<\/span><\/p>\n<p><span style=\"font-family: 'times new roman', times;\">&#8211; L\u00e9on, Cedric, Marcel POLLA, n\u00e9 le 25 septembre 2014 \u00e0 Gu\u00e9ret<\/span><\/p>\n<p><span style=\"font-family: 'times new roman', times;\">de Candice MARAIS et de Julien POLLA.<\/span><\/p>\n<p><a href=\"http:\/\/www.monteilauvicomte.fr\/?page_id=160\">Retour<\/a><\/p>\n","protected":false},"excerpt":{"rendered":"<p>&#8211; M\u00e9line DEPRET, n\u00e9e le 9 janvier 2014 \u00e0 Gu\u00e9ret de Christelle RATON et\u00a0de\u00a0J\u00e9r\u00f4me DEPRET. &#8211; Lou, Odile, Lucette DEWIDEHEM, n\u00e9e le 15 f\u00e9vrier 2014 \u00e0 Gu\u00e9ret de Isabelle MARCHETTI et de Xavier DEWIDEHEM. &#8211; L\u00e9on, Cedric, Marcel POLLA, n\u00e9 le 25 septembre 2014 \u00e0 Gu\u00e9ret de Candice MARAIS et de Julien POLLA. Retour<\/p>\n","protected":false},"author":1,"featured_media":0,"parent":160,"menu_order":1,"comment_status":"closed","ping_status":"closed","template":"","meta":[],"_links":{"self":[{"href":"https:\/\/www.monteilauvicomte.fr\/index.php?rest_route=\/wp\/v2\/pages\/206"}],"collection":[{"href":"https:\/\/www.monteilauvicomte.fr\/index.php?rest_route=\/wp\/v2\/pages"}],"about":[{"href":"https:\/\/www.monteilauvicomte.fr\/index.php?rest_route=\/wp\/v2\/types\/page"}],"author":[{"embeddable":true,"href":"https:\/\/www.monteilauvicomte.fr\/index.php?rest_route=\/wp\/v2\/users\/1"}],"replies":[{"embeddable":true,"href":"https:\/\/www.monteilauvicomte.fr\/index.php?rest_route=%2Fwp%2Fv2%2Fcomments&post=206"}],"version-history":[{"count":4,"href":"https:\/\/www.monteilauvicomte.fr\/index.php?rest_route=\/wp\/v2\/pages\/206\/revisions"}],"predecessor-version":[{"id":526,"href":"https:\/\/www.monteilauvicomte.fr\/index.php?rest_route=\/wp\/v2\/pages\/206\/revisions\/526"}],"up":[{"embeddable":true,"href":"https:\/\/www.monteilauvicomte.fr\/index.php?rest_route=\/wp\/v2\/pages\/160"}],"wp:attachment":[{"href":"https:\/\/www.monteilauvicomte.fr\/index.php?rest_route=%2Fwp%2Fv2%2Fmedia&parent=206"}],"curies":[{"name":"wp","href":"https:\/\/api.w.org\/{rel}","templated":true}]}}

<p><span style="font-family: 'times new roman', times;">&#8211; Méline DEPRET, née le 9 janvier 2014 à Guéret</span></p>
<p><span style="font-family: 'times new roman', times;">de Christelle RATON et de Jérôme DEPRET.</span></p>
<p><span style="font-family: 'times new roman', times;">&#8211; Lou, Odile, Lucette DEWIDEHEM, née le 15 février 2014 à Guéret</span></p>
<p><span style="font-family: 'times new roman', times;">de Isabelle MARCHETTI et de Xavier DEWIDEHEM.</span></p>
<p><span style="font-family: 'times new roman', times;">&#8211; Léon, Cedric, Marcel POLLA, né le 25 septembre 2014 à Guéret</span></p>
<p><span style="font-family: 'times new roman', times;">de Candice MARAIS et de Julien POLLA.</span></p>
<p><a href="http://www.monteilauvicomte.fr/?page_id=160">Retour</a></p>

<p>&#8211; Méline DEPRET, née le 9 janvier 2014 à Guéret de Christelle RATON et de Jérôme DEPRET. &#8211; Lou, Odile, Lucette DEWIDEHEM, née le 15 février 2014 à Guéret de Isabelle MARCHETTI et de Xavier DEWIDEHEM. &#8211; Léon, Cedric, Marcel POLLA, né le 25 septembre 2014 à Guéret de Candice MARAIS et de Julien POLLA. Retour</p>
