{"id":19,"date":"2014-12-27T09:25:13","date_gmt":"2014-12-27T07:25:13","guid":{"rendered":"http:\/\/www.monteilauvicomte.fr\/?page_id=19"},"modified":"2017-01-23T19:08:25","modified_gmt":"2017-01-23T17:08:25","slug":"notre-ecole","status":"publish","type":"page","link":"https:\/\/www.monteilauvicomte.fr\/?page_id=19","title":{"rendered":"Notre \u00e9cole"},"content":{"rendered":"<p><a href=\"http:\/\/www.monteilauvicomte.fr\/wp-content\/uploads\/2014\/12\/La-rentr\u00e9e-2013-2014-resize.jpg\"><img loading=\"lazy\" class=\"  wp-image-24 aligncenter\" src=\"http:\/\/www.monteilauvicomte.fr\/wp-content\/uploads\/2014\/12\/La-rentr\u00e9e-2013-2014-resize-300x225.jpg\" alt=\"La rentr\u00e9e 2013-2014 resize\" width=\"405\" height=\"304\" srcset=\"https:\/\/www.monteilauvicomte.fr\/wp-content\/uploads\/2014\/12\/La-rentr\u00e9e-2013-2014-resize-300x225.jpg 300w, https:\/\/www.monteilauvicomte.fr\/wp-content\/uploads\/2014\/12\/La-rentr\u00e9e-2013-2014-resize.jpg 816w\" sizes=\"(max-width: 405px) 100vw, 405px\" \/><\/a>Un beau matin de septembre, le nouveau ma\u00eetre, Monsieur Jean-Fran\u00e7ois Bruzac a fait connaissance avec ses quatorze \u00e9l\u00e8ves qu&rsquo;il va g\u00e9rer dans une classe unique.<\/p>\n","protected":false},"excerpt":{"rendered":"<p>Un beau matin de septembre, le nouveau ma\u00eetre, Monsieur Jean-Fran\u00e7ois Bruzac a fait connaissance avec ses quatorze \u00e9l\u00e8ves qu&rsquo;il va g\u00e9rer dans une classe unique.<\/p>\n","protected":false},"author":1,"featured_media":0,"parent":0,"menu_order":30,"comment_status":"closed","ping_status":"closed","template":"","meta":[],"_links":{"self":[{"href":"https:\/\/www.monteilauvicomte.fr\/index.php?rest_route=\/wp\/v2\/pages\/19"}],"collection":[{"href":"https:\/\/www.monteilauvicomte.fr\/index.php?rest_route=\/wp\/v2\/pages"}],"about":[{"href":"https:\/\/www.monteilauvicomte.fr\/index.php?rest_route=\/wp\/v2\/types\/page"}],"author":[{"embeddable":true,"href":"https:\/\/www.monteilauvicomte.fr\/index.php?rest_route=\/wp\/v2\/users\/1"}],"replies":[{"embeddable":true,"href":"https:\/\/www.monteilauvicomte.fr\/index.php?rest_route=%2Fwp%2Fv2%2Fcomments&post=19"}],"version-history":[{"count":5,"href":"https:\/\/www.monteilauvicomte.fr\/index.php?rest_route=\/wp\/v2\/pages\/19\/revisions"}],"predecessor-version":[{"id":31,"href":"https:\/\/www.monteilauvicomte.fr\/index.php?rest_route=\/wp\/v2\/pages\/19\/revisions\/31"}],"wp:attachment":[{"href":"https:\/\/www.monteilauvicomte.fr\/index.php?rest_route=%2Fwp%2Fv2%2Fmedia&parent=19"}],"curies":[{"name":"wp","href":"https:\/\/api.w.org\/{rel}","templated":true}]}}

Notre école

<p><a href="http://www.monteilauvicomte.fr/wp-content/uploads/2014/12/La-rentrée-2013-2014-resize.jpg"><img loading="lazy" class="  wp-image-24 aligncenter" src="http://www.monteilauvicomte.fr/wp-content/uploads/2014/12/La-rentrée-2013-2014-resize-300x225.jpg" alt="La rentrée 2013-2014 resize" width="405" height="304" srcset="https://www.monteilauvicomte.fr/wp-content/uploads/2014/12/La-rentrée-2013-2014-resize-300x225.jpg 300w, https://www.monteilauvicomte.fr/wp-content/uploads/2014/12/La-rentrée-2013-2014-resize.jpg 816w" sizes="(max-width: 405px) 100vw, 405px" /></a>Un beau matin de septembre, le nouveau maître, Monsieur Jean-François Bruzac a fait connaissance avec ses quatorze élèves qu&rsquo;il va gérer dans une classe unique.</p>

<p>Un beau matin de septembre, le nouveau maître, Monsieur Jean-François Bruzac a fait connaissance avec ses quatorze élèves qu&rsquo;il va gérer dans une classe unique.</p>
