{"id":154,"date":"2014-09-03T17:17:48","date_gmt":"2014-09-03T15:17:48","guid":{"rendered":"http:\/\/www.monteilauvicomte.fr\/?page_id=154"},"modified":"2015-01-04T14:54:52","modified_gmt":"2015-01-04T13:54:52","slug":"la-maquette-du-chateau","status":"publish","type":"page","link":"https:\/\/www.monteilauvicomte.fr\/?page_id=154","title":{"rendered":"La maquette du ch\u00e2teau"},"content":{"rendered":"<p style=\"text-align: justify;\"><img loading=\"lazy\" class=\" size-medium wp-image-151 alignleft\" src=\"http:\/\/www.monteilauvicomte.fr\/wp-content\/uploads\/2015\/01\/Larchitecte-de-la-maquette-resize-225x300.jpg\" alt=\"L'architecte de la maquette resize\" width=\"225\" height=\"300\" srcset=\"https:\/\/www.monteilauvicomte.fr\/wp-content\/uploads\/2015\/01\/Larchitecte-de-la-maquette-resize-225x300.jpg 225w, https:\/\/www.monteilauvicomte.fr\/wp-content\/uploads\/2015\/01\/Larchitecte-de-la-maquette-resize.jpg 612w\" sizes=\"(max-width: 225px) 100vw, 225px\" \/><span style=\"font-family: 'times new roman', times; font-size: 14pt;\">C&rsquo;est pour les journ\u00e9es du patrimoine que Jean-Paul Paillet, et son \u00e9pouse, \u00a0Arlette, ont transport\u00e9 de Montpellier, o\u00f9 ils r\u00e9sident, au Monteil, la maquette du Ch\u00e2teau.<\/span><\/p>\n<p style=\"text-align: justify;\"><span style=\"font-family: 'times new roman', times; font-size: 14pt;\">Jean-Paul, en se basant sur les documents issus des fouilles r\u00e9centes, et sur des descriptifs compil\u00e9s par Alain Grandjean, a \u00a0r\u00e9alis\u00e9 une maquette au 1\/70 pendant un long effort quotidien de huit mois.<\/span><\/p>\n<p style=\"text-align: justify;\"><span style=\"font-family: 'times new roman', times; font-size: 14pt;\">Cette maquette tente de repr\u00e9senter le ch\u00e2teau tel qu&rsquo;il aurait pu \u00eatre au temps de sa splendeur. Les d\u00e9tails ont \u00e9t\u00e9 adoss\u00e9s \u00a0au plus pr\u00e9s des descriptions disponibles d&rsquo;une part, et d&rsquo;autre part, l&rsquo;homme de l&rsquo;art s&rsquo;est bas\u00e9 sur les techniques et d\u00e9tails existants sur des monuments datant de la m\u00eame \u00e9poque ou d\u00e9crit dans sa propre documentation personnelle.<\/span><\/p>\n<p style=\"text-align: justify;\"><span style=\"font-family: 'times new roman', times; font-size: 14pt;\">La maquette\u00a0est d\u00e9sormais expos\u00e9e en permanence dans la salle du conseil de la mairie.<\/span><\/p>\n","protected":false},"excerpt":{"rendered":"<p>C&rsquo;est pour les journ\u00e9es du patrimoine que Jean-Paul Paillet, et son \u00e9pouse, \u00a0Arlette, ont transport\u00e9 de Montpellier, o\u00f9 ils r\u00e9sident, au Monteil, la maquette du Ch\u00e2teau. Jean-Paul, en se basant sur les documents issus des fouilles r\u00e9centes, et sur des descriptifs compil\u00e9s par Alain Grandjean, a \u00a0r\u00e9alis\u00e9 une maquette au 1\/70 pendant un long effort &hellip; <a href=\"https:\/\/www.monteilauvicomte.fr\/?page_id=154\" class=\"more-link\">Continuer la lecture de <span class=\"screen-reader-text\">La maquette du ch\u00e2teau<\/span>  <span class=\"meta-nav\">&rarr;<\/span><\/a><\/p>\n","protected":false},"author":1,"featured_media":0,"parent":60,"menu_order":1,"comment_status":"closed","ping_status":"closed","template":"","meta":[],"_links":{"self":[{"href":"https:\/\/www.monteilauvicomte.fr\/index.php?rest_route=\/wp\/v2\/pages\/154"}],"collection":[{"href":"https:\/\/www.monteilauvicomte.fr\/index.php?rest_route=\/wp\/v2\/pages"}],"about":[{"href":"https:\/\/www.monteilauvicomte.fr\/index.php?rest_route=\/wp\/v2\/types\/page"}],"author":[{"embeddable":true,"href":"https:\/\/www.monteilauvicomte.fr\/index.php?rest_route=\/wp\/v2\/users\/1"}],"replies":[{"embeddable":true,"href":"https:\/\/www.monteilauvicomte.fr\/index.php?rest_route=%2Fwp%2Fv2%2Fcomments&post=154"}],"version-history":[{"count":3,"href":"https:\/\/www.monteilauvicomte.fr\/index.php?rest_route=\/wp\/v2\/pages\/154\/revisions"}],"predecessor-version":[{"id":180,"href":"https:\/\/www.monteilauvicomte.fr\/index.php?rest_route=\/wp\/v2\/pages\/154\/revisions\/180"}],"up":[{"embeddable":true,"href":"https:\/\/www.monteilauvicomte.fr\/index.php?rest_route=\/wp\/v2\/pages\/60"}],"wp:attachment":[{"href":"https:\/\/www.monteilauvicomte.fr\/index.php?rest_route=%2Fwp%2Fv2%2Fmedia&parent=154"}],"curies":[{"name":"wp","href":"https:\/\/api.w.org\/{rel}","templated":true}]}}