{"id":1430,"date":"2018-03-29T14:31:56","date_gmt":"2018-03-29T12:31:56","guid":{"rendered":"http:\/\/www.monteilauvicomte.fr\/?page_id=1430"},"modified":"2018-03-29T14:51:15","modified_gmt":"2018-03-29T12:51:15","slug":"2018-2","status":"publish","type":"page","link":"https:\/\/www.monteilauvicomte.fr\/?page_id=1430","title":{"rendered":"2018"},"content":{"rendered":"<p>Mathis, Marcel DULERY de Beno\u00eet, Marcel DULERY, et\u00a0 de Rachel, Jill, Fr\u00e9d\u00e9rique LESCURE, n\u00e9 \u00e0 Gu\u00e9ret le 7 mars 2018<\/p>\n<p>Eloan, Didier DEBES, de Beno\u00eet,Paul DEBES et de Magali, Aurore, Marie MARTINEZ, n\u00e9 \u00e0 PARIS le 23 mars 2018<\/p>\n<p>&nbsp;<\/p>\n<p><a href=\"http:\/\/www.monteilauvicomte.fr\/?page_id=160\">Retour<\/a><\/p>\n","protected":false},"excerpt":{"rendered":"<p>Mathis, Marcel DULERY de Beno\u00eet, Marcel DULERY, et\u00a0 de Rachel, Jill, Fr\u00e9d\u00e9rique LESCURE, n\u00e9 \u00e0 Gu\u00e9ret le 7 mars 2018 Eloan, Didier DEBES, de Beno\u00eet,Paul DEBES et de Magali, Aurore, Marie MARTINEZ, n\u00e9 \u00e0 PARIS le 23 mars 2018 &nbsp; Retour<\/p>\n","protected":false},"author":1,"featured_media":0,"parent":160,"menu_order":5,"comment_status":"closed","ping_status":"closed","template":"","meta":[],"_links":{"self":[{"href":"https:\/\/www.monteilauvicomte.fr\/index.php?rest_route=\/wp\/v2\/pages\/1430"}],"collection":[{"href":"https:\/\/www.monteilauvicomte.fr\/index.php?rest_route=\/wp\/v2\/pages"}],"about":[{"href":"https:\/\/www.monteilauvicomte.fr\/index.php?rest_route=\/wp\/v2\/types\/page"}],"author":[{"embeddable":true,"href":"https:\/\/www.monteilauvicomte.fr\/index.php?rest_route=\/wp\/v2\/users\/1"}],"replies":[{"embeddable":true,"href":"https:\/\/www.monteilauvicomte.fr\/index.php?rest_route=%2Fwp%2Fv2%2Fcomments&post=1430"}],"version-history":[{"count":5,"href":"https:\/\/www.monteilauvicomte.fr\/index.php?rest_route=\/wp\/v2\/pages\/1430\/revisions"}],"predecessor-version":[{"id":1441,"href":"https:\/\/www.monteilauvicomte.fr\/index.php?rest_route=\/wp\/v2\/pages\/1430\/revisions\/1441"}],"up":[{"embeddable":true,"href":"https:\/\/www.monteilauvicomte.fr\/index.php?rest_route=\/wp\/v2\/pages\/160"}],"wp:attachment":[{"href":"https:\/\/www.monteilauvicomte.fr\/index.php?rest_route=%2Fwp%2Fv2%2Fmedia&parent=1430"}],"curies":[{"name":"wp","href":"https:\/\/api.w.org\/{rel}","templated":true}]}}