{"id":12,"date":"2014-12-27T07:41:14","date_gmt":"2014-12-27T06:41:14","guid":{"rendered":"http:\/\/www.monteilauvicomte.fr\/?page_id=12"},"modified":"2015-07-20T13:40:33","modified_gmt":"2015-07-20T11:40:33","slug":"votre-conseil-municipal","status":"publish","type":"page","link":"https:\/\/www.monteilauvicomte.fr\/?page_id=12","title":{"rendered":"Votre conseil municipal"},"content":{"rendered":"<p style=\"text-align: left;\"><a href=\"http:\/\/www.monteilauvicomte.fr\/wp-content\/uploads\/2014\/12\/Equipe-1-resize.jpg\"><img loading=\"lazy\" class=\" size-medium wp-image-13 aligncenter\" src=\"http:\/\/www.monteilauvicomte.fr\/wp-content\/uploads\/2014\/12\/Equipe-1-resize-300x165.jpg\" alt=\"Equipe 1 resize\" width=\"300\" height=\"165\" srcset=\"https:\/\/www.monteilauvicomte.fr\/wp-content\/uploads\/2014\/12\/Equipe-1-resize-300x165.jpg 300w, https:\/\/www.monteilauvicomte.fr\/wp-content\/uploads\/2014\/12\/Equipe-1-resize.jpg 800w\" sizes=\"(max-width: 300px) 100vw, 300px\" \/><\/a>Vous avez d\u00e9cid\u00e9 de leur accorder votre confiance. En ce mois de mars 2013, tous n&rsquo;\u00e9taient pas pr\u00e9sents pour la photo&#8230;.<\/p>\n<p style=\"text-align: left;\">Mais ils sont r\u00e9unis environ une fois par mois \u00e0 19h30 \u00a0pour le Conseil Municipal et donnent de leur temps pour votre service.<\/p>\n<p style=\"text-align: left;\">Connaissez-vous l&rsquo;historique des Maires du Monteil ?<\/p>\n<p style=\"text-align: left;\"><a href=\"http:\/\/www.monteilauvicomte.fr\/wp-content\/uploads\/2015\/07\/Les-maires-du-Monteil-1790.pdf\">Les maires du Monteil depuis 1790<\/a><\/p>\n","protected":false},"excerpt":{"rendered":"<p>Vous avez d\u00e9cid\u00e9 de leur accorder votre confiance. En ce mois de mars 2013, tous n&rsquo;\u00e9taient pas pr\u00e9sents pour la photo&#8230;. Mais ils sont r\u00e9unis environ une fois par mois \u00e0 19h30 \u00a0pour le Conseil Municipal et donnent de leur temps pour votre service. Connaissez-vous l&rsquo;historique des Maires du Monteil ? Les maires du Monteil &hellip; <a href=\"https:\/\/www.monteilauvicomte.fr\/?page_id=12\" class=\"more-link\">Continuer la lecture de <span class=\"screen-reader-text\">Votre conseil municipal<\/span>  <span class=\"meta-nav\">&rarr;<\/span><\/a><\/p>\n","protected":false},"author":1,"featured_media":0,"parent":97,"menu_order":10,"comment_status":"closed","ping_status":"closed","template":"","meta":[],"_links":{"self":[{"href":"https:\/\/www.monteilauvicomte.fr\/index.php?rest_route=\/wp\/v2\/pages\/12"}],"collection":[{"href":"https:\/\/www.monteilauvicomte.fr\/index.php?rest_route=\/wp\/v2\/pages"}],"about":[{"href":"https:\/\/www.monteilauvicomte.fr\/index.php?rest_route=\/wp\/v2\/types\/page"}],"author":[{"embeddable":true,"href":"https:\/\/www.monteilauvicomte.fr\/index.php?rest_route=\/wp\/v2\/users\/1"}],"replies":[{"embeddable":true,"href":"https:\/\/www.monteilauvicomte.fr\/index.php?rest_route=%2Fwp%2Fv2%2Fcomments&post=12"}],"version-history":[{"count":5,"href":"https:\/\/www.monteilauvicomte.fr\/index.php?rest_route=\/wp\/v2\/pages\/12\/revisions"}],"predecessor-version":[{"id":725,"href":"https:\/\/www.monteilauvicomte.fr\/index.php?rest_route=\/wp\/v2\/pages\/12\/revisions\/725"}],"up":[{"embeddable":true,"href":"https:\/\/www.monteilauvicomte.fr\/index.php?rest_route=\/wp\/v2\/pages\/97"}],"wp:attachment":[{"href":"https:\/\/www.monteilauvicomte.fr\/index.php?rest_route=%2Fwp%2Fv2%2Fmedia&parent=12"}],"curies":[{"name":"wp","href":"https:\/\/api.w.org\/{rel}","templated":true}]}}

<p style="text-align: left;"><a href="http://www.monteilauvicomte.fr/wp-content/uploads/2014/12/Equipe-1-resize.jpg"><img loading="lazy" class=" size-medium wp-image-13 aligncenter" src="http://www.monteilauvicomte.fr/wp-content/uploads/2014/12/Equipe-1-resize-300x165.jpg" alt="Equipe 1 resize" width="300" height="165" srcset="https://www.monteilauvicomte.fr/wp-content/uploads/2014/12/Equipe-1-resize-300x165.jpg 300w, https://www.monteilauvicomte.fr/wp-content/uploads/2014/12/Equipe-1-resize.jpg 800w" sizes="(max-width: 300px) 100vw, 300px" /></a>Vous avez décidé de leur accorder votre confiance. En ce mois de mars 2013, tous n&rsquo;étaient pas présents pour la photo&#8230;.</p>
<p style="text-align: left;">Mais ils sont réunis environ une fois par mois à 19h30  pour le Conseil Municipal et donnent de leur temps pour votre service.</p>
<p style="text-align: left;">Connaissez-vous l&rsquo;historique des Maires du Monteil ?</p>
<p style="text-align: left;"><a href="http://www.monteilauvicomte.fr/wp-content/uploads/2015/07/Les-maires-du-Monteil-1790.pdf">Les maires du Monteil depuis 1790</a></p>

<p>Vous avez décidé de leur accorder votre confiance. En ce mois de mars 2013, tous n&rsquo;étaient pas présents pour la photo&#8230;. Mais ils sont réunis environ une fois par mois à 19h30  pour le Conseil Municipal et donnent de leur temps pour votre service. Connaissez-vous l&rsquo;historique des Maires du Monteil ? Les maires du Monteil &hellip; <a href="https://www.monteilauvicomte.fr/?page_id=12" class="more-link">Continuer la lecture de <span class="screen-reader-text">Votre conseil municipal</span>  <span class="meta-nav">&rarr;</span></a></p>
