{"id":1111,"date":"2017-01-23T19:12:43","date_gmt":"2017-01-23T17:12:43","guid":{"rendered":"http:\/\/www.monteilauvicomte.fr\/?page_id=1111"},"modified":"2021-07-04T19:51:04","modified_gmt":"2021-07-04T17:51:04","slug":"les-spectacles","status":"publish","type":"page","link":"https:\/\/www.monteilauvicomte.fr\/?page_id=1111","title":{"rendered":"Les spectacles"},"content":{"rendered":"<p>Vous trouverez sur cette page les liens vers les spectacles en cours dans notre nouvelle ComCom, bien s\u00fbr en ces temps de Covid les spectacles ne sont pas encore d\u00e9fini.<\/p>\n<p><a href=\"http:\/\/www.bourganeuf.fr\/Salle-culturelle-Confluences\">Salle intercommunale Confluence<\/a><\/p>\n<p><a href=\"http:\/\/www.bourganeuf.fr\/Cinema\">Cin\u00e9ma intercommunal Claude Miller Bourganeuf<\/a><\/p>\n<p><a href=\"https:\/\/www.lamontagne.fr\/gueret-23000\/actualites\/claude-chabrol-a-sardent-un-heritage-tres-discret_13835704\/\">Cin\u00e9ma Sardent<\/a><\/p>\n","protected":false},"excerpt":{"rendered":"<p>Vous trouverez sur cette page les liens vers les spectacles en cours dans notre nouvelle ComCom, bien s\u00fbr en ces temps de Covid les spectacles ne sont pas encore d\u00e9fini. Salle intercommunale Confluence Cin\u00e9ma intercommunal Claude Miller Bourganeuf Cin\u00e9ma Sardent<\/p>\n","protected":false},"author":1,"featured_media":0,"parent":0,"menu_order":5,"comment_status":"closed","ping_status":"closed","template":"","meta":[],"_links":{"self":[{"href":"https:\/\/www.monteilauvicomte.fr\/index.php?rest_route=\/wp\/v2\/pages\/1111"}],"collection":[{"href":"https:\/\/www.monteilauvicomte.fr\/index.php?rest_route=\/wp\/v2\/pages"}],"about":[{"href":"https:\/\/www.monteilauvicomte.fr\/index.php?rest_route=\/wp\/v2\/types\/page"}],"author":[{"embeddable":true,"href":"https:\/\/www.monteilauvicomte.fr\/index.php?rest_route=\/wp\/v2\/users\/1"}],"replies":[{"embeddable":true,"href":"https:\/\/www.monteilauvicomte.fr\/index.php?rest_route=%2Fwp%2Fv2%2Fcomments&post=1111"}],"version-history":[{"count":7,"href":"https:\/\/www.monteilauvicomte.fr\/index.php?rest_route=\/wp\/v2\/pages\/1111\/revisions"}],"predecessor-version":[{"id":1607,"href":"https:\/\/www.monteilauvicomte.fr\/index.php?rest_route=\/wp\/v2\/pages\/1111\/revisions\/1607"}],"wp:attachment":[{"href":"https:\/\/www.monteilauvicomte.fr\/index.php?rest_route=%2Fwp%2Fv2%2Fmedia&parent=1111"}],"curies":[{"name":"wp","href":"https:\/\/api.w.org\/{rel}","templated":true}]}}